culate q(-3).
-13
Suppose 4*v - 2*k = -v - 12, 0 = 4*v + 5*k + 3. Let f(u) = 15*u**2 - 5*u**2 + 6 + 4*u - 3 - 9*u**2. Calculate f(v).
-1
Suppose -2*x = -7*x + 10. Suppose -4*i + x*i = 8. Let k(p) = -p**2 - 6*p + 4. Give k(i).
12
Suppose 0 = 2*n - 2, 3*v = n - 2*n + 1. Suppose -s + 21 = 3*j + 2*s, -5*s + 26 = 4*j. Let w be 1/(v + 3/j). Let d(x) = x**3 - x**2 - 3*x - 2. Calculate d(w).
7
Let u(m) = m**3 - 3*m**2 - 4*m + 2. Let a be u(4). Let t(n) = -1 + 3*n**2 + a*n - 1 - 5*n - 4*n**2. Determine t(-4).
-6
Let g be ((-10)/3)/(6/(-9)). Suppose 0 = -g*i + 2*a - 38, 2*i + 2*i + 29 = 3*a. Let q(s) = s + 4. Give q(i).
-4
Let b(w) = 6*w**2 + 2*w + 1. Let c(n) = 0*n**2 - n**2 - 7*n - 1 - 3*n**2 + 3*n**2. Suppose 0 = 5*o + 10, -4*k + 6*o - o = 18. Let v be c(k). Calculate b(v).
5
Let c(l) = -l**3 - 3*l**2 + 5*l + 4. Suppose -4*n + r = 18, 6 = n + r + 4*r. Calculate c(n).
0
Suppose -34 = 3*f - 22. Suppose 0 = -2*k + 4 + 12. Let l(x) = -9*x - 23. Let m(r) = -3*r - 8. Let b(y) = k*m(y) - 3*l(y). Determine b(f).
-7
Let q(s) be the third derivative of -3*s**4/8 + s**3/6 - 5*s**2. Let p(t) = t. Let n be p(0). Let k = 1 - n. Calculate q(k).
-8
Let u(o) = 106 + 2*o - 106. Calculate u(-1).
-2
Suppose 10 = 2*a + 3*v, 3*a = a + 4*v - 18. Let s(w) = -w - 1. Let n(h) = -12*h - 15. Let r(j) = n(j) - 15*s(j). What is r(a)?
-3
Let u(l) = 3*l**3 + l. Let a(s) = -s**2 - 2*s + 3. Let r(w) be the second derivative of w**2/2 + w. Let t(c) = a(c) + r(c). Let g be t(-3). Calculate u(g).
4
Suppose -2*i = -i. Let l = 2 - i. Let k(o) = -2*o**2 + 2*o - 3. What is k(l)?
-7
Let n(k) = -7*k + 15*k - 7*k. Suppose -o + 6*o = -15, 4*o + 6 = -3*r. Let q(f) = -f**3 - 4*f**2 + 2*f - 7. Let p(g) = r*n(g) + q(g). Calculate p(-5).
-2
Let v(i) = 2*i - 4. Let g(d) = d**3 - 7*d**2 - 8*d - 2. Let k be g(8). Let p be k + -2 + (3 - 2). Give v(p).
-10
Let i(l) = -l**2 - 7*l - 6. Let g be i(-6). Let f(v) = v**2 - 8. What is f(g)?
-8
Let w(a) = a - 6. Let u be w(6). Let x(m) be the third derivative of 0*m**5 + 0 + m**2 + 0*m - 1/40*m**6 + u*m**4 + 1/6*m**3. What is x(-1)?
4
Let w = -7 - -8. Let j(k) = -17*k. Determine j(w).
-17
Let p = -29 + 36. Let d(n) = n. What is d(p)?
7
Let m(t) = t - 6. Suppose -3*k + 9 + 12 = 0. What is m(k)?
1
Let t(r) = -5*r - 3*r**2 + 0 + r + 1 + 5*r**2. Calculate t(3).
7
Suppose -3*a + 33 = 4*f + 4, -4*a = f - 17. Let k(m) be the third derivative of m**6/120 - m**5/12 - m**4/24 - m**3/3 - m**2. Determine k(f).
-7
Suppose -2*l + 45 = l. Suppose 2*m + 18 = 4*t, -3*t + 9 = 2*m - l. Let i(n) = 2*n - 9. Give i(t).
3
Suppose 0*j = -5*j + 80. Suppose -4*a - 14 = 2*r, 3*r + 2*a = 5*r - j. Let b(d) = 3 + 0 - 2*d + d. Determine b(r).
0
Let i(a) be the second derivative of a**5/60 + a**4/8 + 4*a**3/3 - 6*a. Let m(x) be the second derivative of i(x). Determine m(-3).
-3
Let o(t) = 11*t - 7. Let z(b) = -16*b + 11. Let v(i) = 7*o(i) + 5*z(i). What is v(5)?
-9
Let t(a) = 5*a**3 - 6*a**2 - 11*a + 6. Let k(c) = -c**3 + c**2 + 2*c - 1. Let o(v) = -11*k(v) - 2*t(v). What is o(0)?
-1
Let o = 5 + -8. Let l(b) be the first derivative of -b**3/6 - b**2 - 2*b + 1. Let z(r) be the first derivative of l(r). What is z(o)?
1
Let q(l) be the third derivative of -l**4/24 - l**3/2 + l**2. Give q(-7).
4
Let c(l) = 261*l + 81. Let t(o) = 6*o + 4 + 0*o + 7*o. Let s(r) = -4*c(r) + 81*t(r). Let q be 0 + ((-15)/5)/(-3). Give s(q).
9
Let s(y) = y + 14. Let z be s(-10). Let v(i) = 2*i - 5 + 0 - z. Calculate v(6).
3
Suppose 29 = 3*s - u, -11 = -4*s + 2*u + 31. Let c(v) = v**3 - 8*v**2 - 2*v + 11. Give c(s).
-5
Let p(r) be the second derivative of r**6/720 + r**4/6 + 3*r. Let n(j) be the third derivative of p(j). Let d be ((-1)/2)/((-3)/6). Determine n(d).
1
Let k(l) = 5*l**2 + 5*l - 3. Let d(u) = -9*u**2 - 10*u + 8. Let b(c) = c**2 + c - 1. Let z(f) = 5*b(f) + d(f). Let x(t) = 3*k(t) + 4*z(t). What is x(-5)?
3
Suppose -5*b + 14 = -1. Suppose 8*u - 5 = b*u. Let h(o) = -o. Let y(j) = 3*j**2 - 4*j - 1. Let n(k) = u*y(k) - 4*h(k). What is n(-1)?
2
Let b(w) = w**3 + 3*w**2 + 2*w + 2. Let q be b(-2). Let o be ((-4)/(-6))/(q/30). Suppose -g = g + o. Let u(l) = l + 11. What is u(g)?
6
Let t = 7 - 5. Let h(s) = -5*s + t*s**2 - s**2 + 0*s**2 + 1. Give h(5).
1
Let c = -7 + 13. Suppose -c = -0*v - 3*v. Let r(p) = -1 + p + p**v - p**3 + p**2 + p**2. Calculate r(3).
2
Suppose 0 = -3*s + 4*s + 4*u - 20, 2*u - 10 = s. Let y(o) = o**3 - o**2 - o + 3. What is y(s)?
3
Suppose -3*t - 1 + 10 = 0. Let j = t + -1. Suppose 0 - 2 = -j*m. Let o(z) = 3*z. Give o(m).
3
Let t(p) = 6*p - 1. Let w be t(1). Suppose -2*x + 0*d = w*d, -13 = -3*x - d. Let b(j) = 2*j**2 + 5*j + 4 - j**2 + x*j - 2*j. Calculate b(-6).
-8
Let k = -4 + -1. Let u(r) = -7*r**3 - 5*r + 7. Let s(h) = 13*h**3 + h**2 + 10*h - 13. Let x(d) = -6*s(d) - 11*u(d). What is x(k)?
1
Suppose 4*a - 6 = 2. Let i(d) = 16*d**2 + d + 15*d**a - 30*d**2 + 1. What is i(2)?
7
Let h(s) = -5*s**2 + 9*s - 2. Let t(l) = -l**2 + l. Let o(w) = -h(w) + 4*t(w). Determine o(6).
8
Let x(z) = -z**2 + 4 - 2*z + 4*z - 3*z - z. Let i be x(-3). Let u(f) = 8*f + 1. Calculate u(i).
9
Let g(a) = -a**2 + 3*a + 4. Let p(z) = z. Suppose 3*m + 4*s = 29, -2*m + 1 = -s - 0*s. Let k be p(m). Give g(k).
4
Suppose -r - 4*v - 2 = -6*r, 4*r + 2*v = 12. Suppose -r*h + 3*h - 5*f = 13, -5*f - 19 = -3*h. Let z(s) = -3*s + s**3 - 2*s**2 + s - s. Determine z(h).
0
Let t(v) = v**3 - 3*v**2 - 3*v - 5. Let b be t(4). Let h(u) = u**2 + 6*u - 6. Let w(a) = 5*a - 5. Let j(l) = -5*h(l) + 6*w(l). Determine j(b).
-5
Let v = 1 + 1. Let a(h) = 2 + 2*h**v + 4*h + 3*h - 7*h. Determine a(-2).
10
Let j(g) = g + 4. Let t be j(-2). Let l(y) = 5*y - 1 + t + 0*y**2 + y**2. Let m = 9 - 13. What is l(m)?
-3
Let p(l) = -l - 4. Let w(r) = -2 - r + 6 + 4. Let n be w(8). What is p(n)?
-4
Let j(o) be the first derivative of -o**4/4 - 4*o**3/3 + 7*o**2/2 + 29. Let a be 7/4 - 1/(-4). Let w = a + -7. Determine j(w).
-10
Let s(o) = 3 - 3*o + o**2 + 0*o + 10*o. Suppose v + 2 + 3 = 0. What is s(v)?
-7
Let t(h) = h - 5. Let s(q) = 17*q + 44. Let n be s(-3). Determine t(n).
-12
Let g = 18 - 11. Let z(a) = -a**3 + 7*a**2 - a + 8. Give z(g).
1
Let c be 53 + -51 + -1*(-2 - 0). Let j(y) = y**3 - 5*y**2 + 4*y - 1. Give j(c).
-1
Let p(l) = -l**2 + 4. Let z(r) = 3*r**2 - 9. Let f(k) = -7*p(k) - 3*z(k). What is f(-2)?
-9
Let m(s) = -s**3 + s - 7. Let l = 70 + -70. What is m(l)?
-7
Let m(l) be the first derivative of l**2 + l - 1. Let p(v) = -v - 8. Let b be p(-9). Calculate m(b).
3
Let x(s) = 3*s**3 - 2*s**3 + 15*s**2 + 3 + 16*s**2 - 32*s**2 - 2. Let y = -3 + 0. Let o be (-2)/y + (-8)/(-6). Give x(o).
5
Let w(o) = -7*o**3 - o**2 - o. Let q(f) = 15*f**3 + 3*f**2 + 2*f. Let d(m) = -3*q(m) - 7*w(m). Give d(1).
3
Let q(x) = 5*x - 1. Let f be 8/28 - (-37)/(-7). Let p = -7 - f. Let o be p/2 - 6/(-3). Calculate q(o).
4
Let a(w) be the third derivative of w**4/24 - w**3/3 - 3*w**2. Calculate a(-3).
-5
Let y(r) = r - 7. Suppose -5*p = -p - 3*w - 29, 3*p + 5*w = 0. Let t(v) = v - 6. Let u(n) = p*t(n) - 4*y(n). Suppose -4*q - 3 + 11 = 0. Calculate u(q).
0
Let t(s) = -4*s + 1. Suppose 0 = 3*z - z - 4. Suppose -z*x = 4*u + 2, u - 2*u + 2 = 3*x. Give t(u).
5
Let o(n) = -n**3 - 10*n**2 + 10*n - 16. Suppose q + 16 - 5 = 0. Determine o(q).
-5
Suppose 3*i = -3*w, -4*w + 0*i - 5*i = 0. Suppose w = -t + 10. Let k be (-1)/(t/(-8))*5. Let f(z) = -2*z**2 + 6*z. Give f(k).
-8
Let u(x) be the second derivative of -2*x + 0*x**2 - 1/8*x**4 - 1/24*x**5 + 1/3*x**3 + 0. Let v(p) be the second derivative of u(p). Calculate v(-2).
7
Let i = 8 + -6. Let s(f) = 1 + f**i - 2*f - 3*f**2 - f**3 + f**2. Calculate s(-2).
9
Let h(o) = -o**3 + 5*o**2 - 4*o + 4. Let g be h(4). Let x(q) = -7*q + 6. Let m(c) = c - 1. Let f(z) = -5*m(z) - x(z). Calculate f(g).
7
Let l be ((-4)/22)/(4/(-11)). Let r(n) be the first derivative of -3 - 3*n + l*n**2. Calculate r(5).
2
Let u = -1 - -2. Suppose 31 - u = 3*w - 4*r, w - 9 = r. Let c(i) = -2*i + 4. Give c(w).
-8
Let w(x) = -4*x + 2*x**2 - x**2 - 3*x + 7. Let l(v) = v**2 + 7*v + 16. Let f be l(-5). Determine w(f).
1
Let r(x) = -2*x + 7. Let k(j) be the third derivative of j**2 + 1/12*j**4 - 1/2*j**3 + 0 + 0*j. Let o be k(4). Determine r(o).
-3
Let x = -4 - -11. Let b be -3 - x/(-3 + 2). Let v(t) be the first derivative of t**3/3 - t**2/2 - 4*t + 3. Determine v(b).
8
L